d(3). Let p = 454 - m. Is p a prime number?
True
Let o be (-27227)/(-11) - (-4)/(-22). Suppose -2*l - 10 = 0, 2*l - o = -4*q - 3*l. Suppose -2*c - q = -4301. Is c a prime number?
False
Let v(k) = 17*k**2 - 5*k + 1. Suppose -20 = -6*q + 8*q. Let l = q - -6. Is v(l) prime?
True
Let v(p) = 6*p**3 - 5*p**2 + 4*p - 30. Let f(w) = 15*w - 38. Let d be f(3). Is v(d) a composite number?
False
Suppose -6*v = 9 - 57. Suppose 22286 = v*x - 25706. Is x a prime number?
False
Suppose 3*r + 16 = s, 3*s - 74 = -3*r - r. Let y(v) = 164*v - 44*v + 3 + s. Is y(6) prime?
False
Suppose 143*v - 73063307 = -112*v - 4953572. Is v a prime number?
True
Let l be (-4)/6 + ((-12)/9 - -5). Suppose -6*x + 1 = -x - u, 4*x + 8 = l*u. Is -2*x*(0 + (-1253)/2) a composite number?
True
Let l be (-1)/((((-6)/(-16))/(-3))/1). Is (-46263)/14*l/(-12) composite?
False
Let i(r) = -6558*r**3 + 7*r**2 + 16*r + 17. Is i(-2) a composite number?
True
Let d(t) = 8871*t**2 + 12*t - 19. Is d(2) composite?
True
Let a be 4 - 2*2/1. Let y = -12822 - -19167. Suppose -6*r - 507 + y = a. Is r a prime number?
False
Let n be ((-45)/90)/(((-1)/74)/1). Suppose -4947 = -40*u + n*u. Is u prime?
False
Suppose 5*v = -v + 12. Suppose 5*y - k - 14728 = 0, -y - v*y - 5*k + 8848 = 0. Let c = -1385 + y. Is c a prime number?
False
Let q(r) = 174*r**2 - r + 4. Let p be q(-3). Suppose -7965 = -3*v + 5*y, -3*y + 5 = -4. Let a = v - p. Is a composite?
False
Let w(a) = -a - 1. Let n(g) = -287*g**2 - 1 - 816*g + 408*g + 403*g. Let o(p) = -n(p) + 3*w(p). Is o(-2) a prime number?
False
Suppose 2*f - 51 = -49. Is 68802/(-3)*(-1 + f/2) a prime number?
True
Let v = -2052 - -18741. Is v a prime number?
False
Let p(o) = -3 + 3*o + 113*o**2 - 114*o**2 + 0*o - 8*o. Let m be p(-4). Is (62 - 4) + (-2 - (m - 3)) a prime number?
False
Suppose 2*x + 5*p - 42008 = 0, 8*x - p = 6*x + 42008. Let d = 40455 - x. Is d composite?
True
Let r = 334440 - 214013. Is r a composite number?
False
Suppose -g - 22 = -i, -5*i + 4*g + 47 = -61. Suppose i*p - 25*p = -6835. Is p prime?
True
Let k(u) = -109517*u + 5705. Is k(-4) prime?
False
Let z be 3/((-105)/(-28)) + -1 + 276/30. Suppose u - 13 = -4. Is (8166/z)/(6/u) a prime number?
True
Let q(g) = -852*g**3 + 2*g + 5. Is q(-2) composite?
True
Suppose 2*f - 3078 - 1078 = 0. Is f - (5 - (2 - 2)) a prime number?
False
Let z = -18453 - -138418. Is z composite?
True
Let v(r) = -3*r**3 + 5*r**2 + 11*r + 10. Let f = -8 + 34. Suppose -31*x = -f*x + 45. Is v(x) a prime number?
True
Let b(z) = -19*z**3 + 6*z**2 + 4*z + 19. Suppose -5*r + s - 27 = 0, -3*s - 21 = 12*r - 10*r. Is b(r) prime?
False
Let p = -3091 + 10345. Suppose 3*l = 2*l - p. Is (-1)/(-4 + 0 - l/1814) a prime number?
True
Let q be (-375)/2*(-650)/5. Let y = q - 14177. Is y a composite number?
True
Suppose 26*f - 8554917 = 23*f + 5*c, 5*f + c - 14258195 = 0. Is f composite?
True
Let j(p) = 6207*p - 4786. Is j(5) a composite number?
False
Let y(u) = -103*u - 111. Suppose 5*d + 5*j + 15 = -45, -5*j = 10. Is y(d) composite?
False
Let k(g) = 132*g + 792. Let b be k(-6). Suppose -2*x + 6*x = 82828. Suppose 2*t - 3*h - 15107 = b, 9508 = 4*t - 5*h - x. Is t a composite number?
True
Suppose 184*q + 2*c - 291687 = 183*q, 874991 = 3*q - 4*c. Is q composite?
True
Let l = -8058 + 23747. Is l a prime number?
False
Suppose 0 = -47*x + 6146340 - 1594531. Is x a prime number?
True
Suppose -22*v + 6156725 + 1273304 + 4663525 = 0. Is v prime?
True
Suppose -4*m - 2*r + 5*r + 26 = 0, -5*m + 27 = -r. Suppose 5*a + m*a = 8*a. Suppose 12*w - 16*w + 1340 = a. Is w composite?
True
Suppose -23 = -5*k - 53. Let q(l) = l**2 + 5*l + 4. Let d be q(k). Is ((-8295)/d + 1)*-2 composite?
False
Suppose 0 = -5*y + i + 9971661, 33*y - 36*y - 3*i + 5982975 = 0. Is y prime?
False
Suppose 0 = -126*h + 145*h - 7040260. Suppose -7*g + 27*g - h = 0. Is g a prime number?
False
Suppose -98 - 10 = -9*h. Suppose -296 = -4*d + h. Is d prime?
False
Suppose -41*x + 479527 = -25*x + 7*x. Is x a composite number?
False
Suppose 4255*w + 12343 = 4256*w. Is w a composite number?
False
Suppose 233*t = 28656505 - 7479834. Is t prime?
True
Let r be 9/6*(2 - 8192/12). Let q = r + 591. Let c = -267 - q. Is c prime?
True
Let g = -25 + 28. Suppose -4*f + 7936 = 4*a, 0 = -2*a - 2*a - g*f + 7938. Suppose a = -17*q + 19*q. Is q prime?
False
Suppose -j - 88 = 3*w, -4*w - 53 - 39 = -5*j. Let i = -1225 - -1886. Let v = w + i. Is v a prime number?
False
Let n(i) = -100*i**3 - i. Let v be n(1). Suppose -c + 180 = -r, -5*c + c = 4*r - 720. Let z = c + v. Is z a prime number?
True
Suppose -2*g + 0*d + 10 = 4*d, -2*g + 4 = -2*d. Is -5 + (-18211)/g*(7 - 10) composite?
True
Let s(f) = -398*f - 409. Is s(-75) composite?
True
Suppose -i + 5*x + 4442 = 8*x, 0 = 5*x - 10. Suppose 0 = -261*m + 257*m + i. Is m a composite number?
False
Suppose -114*q = -118*q + 218548. Is q composite?
True
Suppose -k - 242 = -2*p, -p - 3*p + k = -480. Let m = -145 + p. Let t(j) = -98*j + 33. Is t(m) a composite number?
True
Let w be 58/10 + (-52)/65. Suppose -3*u + 3452 = -0*v + w*v, 5*u = v + 5716. Let h = -585 + u. Is h a composite number?
True
Let u be (-30)/18*((-108)/(-10))/(-3). Suppose u*r = 12*r + 6. Is (6682/(-104))/(r*1/4) a prime number?
True
Let y = 18 - 13. Let a(q) = 1270 + q**2 + 3*q**2 - 3*q - 629 - 2*q**2 - 627 + 16*q**3. Is a(y) composite?
True
Let x(k) = -46*k. Let i be x(0). Let o(v) = 5*v**3 - 4*v**2 + 3*v - 485. Let j(r) = 4*r**3 - 3*r**2 + 2*r - 484. Let a(l) = -4*j(l) + 3*o(l). Is a(i) composite?
True
Let x(p) = 395*p + 41. Let y be x(3). Let h = y - 757. Is h prime?
False
Let g be (-6)/18 - (-38)/6. Let u(m) = -m + 5. Let x be u(g). Is (1152 + x)*(-1)/(-2)*2 prime?
True
Let y(l) = 3*l - 13. Let f be ((-72)/60)/(1/(-5)). Let c be y(f). Suppose 48 = 3*z + c*p, -9 = -z - p - 3*p. Is z prime?
False
Let h = 4690 + 52813. Is h composite?
False
Let v(x) be the second derivative of 23*x**4/12 + 2*x**3/3 - 3*x**2 - 2*x. Let z = -2071 - -2080. Is v(z) composite?
True
Let s(n) = -n**3 - 69*n**2 + 105*n - 154. Is s(-71) a prime number?
True
Suppose 13*z - 54*z + 2387365 = -864304. Is z a composite number?
False
Let k(u) = -199*u - 7. Let f be k(19). Let r = 6415 + f. Suppose 0 = p, -4*j + 5*p + 11553 = -r. Is j a composite number?
True
Let q(l) = 6 - 9 - 13 - 2 - 111*l. Suppose -4*i - 14 = 3*c, -5*i + 2*c + 18 - 47 = 0. Is q(i) composite?
True
Let v(b) = 43464*b**3 - b**2 + 72*b - 70. Is v(1) a composite number?
True
Let s(o) = -2*o + 0*o + 3*o + 49. Suppose 9*m - 37 - 65 = 60. Is s(m) a prime number?
True
Let u = 1 - 6. Let i(k) = -4*k - 19. Let f be i(u). Is (-2 - f)*-118*(-15)/(-18) a prime number?
False
Let u(j) = -5078*j**3 - 5*j**2 - 4*j. Let s be (-34)/(18 - 1)*2/4. Is u(s) a prime number?
True
Suppose -v + 4*p = -14881, -5*p = 4*v - 7*p - 59580. Is v a prime number?
True
Suppose -3*a + 5*o + 216321 = 0, 17*o = -2*a + 14*o + 144233. Suppose 0 = 11*t - 27*t + a. Is t a composite number?
False
Suppose i = -2*b + 2, 5*b - i = 3*i + 31. Let d be b*8/36*9. Suppose -5*c - u + 2031 = -3*u, 0 = 3*u - d. Is c a prime number?
False
Let o(f) = 1884*f**2 - 25*f - 184. Is o(-21) composite?
True
Let h(n) = 24*n**2 + 6*n - 49. Let s be ((-44)/(-12))/(-1)*(-2 - -5). Is h(s) composite?
False
Suppose 19*h - 42517213 = -12*h. Is h prime?
False
Let k(m) = 911*m**2 - 12*m - 20. Let j(y) = -y**2. Let r(p) = -6*j(p) + k(p). Is r(-3) prime?
True
Let r be (13642/6)/((-15)/(-315)). Suppose -47*q = -54*q + r. Is q composite?
True
Suppose -66 = 17*x - 117. Suppose -2*y + 12697 = 5*h, -4*h - x*y - 2748 + 12907 = 0. Is h a prime number?
True
Suppose -60628 = -4*k - 3*v, 3*k - 45474 = -3*v - 0*v. Let d = k - 7899. Is d a composite number?
True
Let c be ((-22)/33)/((12/629919)/4). Is (2/(-10))/(c/23330 + 6) composite?
False
Let f be (-15 - -14)/((-1)/(-4) + 0). Is (14/f)/((-54)/301212) composite?
True
Let c(b) = 257*b**3 - 14*b**2 + 13*b + 17. Is c(6) a composite number?
False
Let g = 139583 + -35514. Is g prime?
False
Suppose 0 = -v + 5491 + 5535. Let o = -4163 + v. Is o a prime number?
True
Suppose 0 = -292*l + 65754202 + 21500946. Is l a composite number?
False
Let j(o) = 298*o**2 - 58*o - 1162. Is j(-19) prime?
False
Let k(y) = -411*y**3 - 18*y**2 - 5*y + 9. Is k(-5) prime?
False
Let b(t) = -27 + 13*t**2 + 16*t**2 + 5*t + 36*t**2 - 6*t**2. Is b(4